 by (-1)/((-90)/44 - -2)?
21
Suppose v - 2*p + 9 = -15, -5*p + 15 = 0. Let y = v + 29. What is the remainder when 31 is divided by y?
9
Let p be 44/(-8)*2*-1. Let f = p + -6. Calculate the remainder when f is divided by 2.
1
Let b be 2/(-6) + 2/6. Suppose b*y + 4*y - 108 = 0. Calculate the remainder when 79 is divided by y.
25
Suppose -3*l + 12 + 9 = 0. What is the remainder when 2/2 + (-36)/(-2) is divided by l?
5
Suppose 3*o = -5*u + 9, -3*o + 5*u = 11 + 10. Let r(f) = 6*f**2 + 4*f + 3. Let m(y) = 3*y**2 + 41*y - 4. Calculate the remainder when r(o) is divided by m(-14).
9
Suppose -4*u - 21 = -69. Let f(z) = z + 1. Let h be f(4). Suppose -u = -h*t + t. Calculate the remainder when 8 is divided by t.
2
Let q = 1 + 5. Suppose -q*a - 5*t + 7 = -5*a, 3*a + 3*t - 9 = 0. Suppose -2*u - 21 = -3*g, 0*g = -a*g - 2*u + 4. Calculate the remainder when g is divided by 3.
2
Let f = -3 - -5. Suppose -f*u + u + 49 = 3*c, u - 4 = 0. Calculate the remainder when 57 is divided by c.
12
Let u(n) = -3*n + 11. What is the remainder when u(-5) is divided by 9?
8
Let h(x) = 2*x + 21. Calculate the remainder when h(7) is divided by (1/(-2))/(1/(-24)).
11
Let r = -34 - -59. What is the remainder when r is divided by (-42)/(-4)*(-6)/(-9)?
4
Let k = -61 - -100. What is the remainder when k is divided by 6?
3
Let m(y) = -12*y - 11. What is the remainder when m(-4) is divided by 22?
15
Let r = 26 - 17. What is the remainder when 24 is divided by r?
6
Let q(z) = z + 2. Suppose 0*x = 3*x. Let v be q(x). Calculate the remainder when 20 is divided by (11/(-2)*v)/(-1).
9
Let h(j) = 2*j**2 + 5*j - 8. Let n be h(-6). Suppose r - 3*d - 18 = 0, -r - d = -0*d - n. Suppose -a + r = a. What is the remainder when a is divided by 8?
7
Let d = -6 - -6. Suppose d*o = 3*o - 69. Calculate the remainder when 44 is divided by o.
21
Suppose -17*a + 15*a + 78 = 0. What is the remainder when a is divided by 10?
9
Let f(p) = -p**3 + 9*p**2 + 3*p - 8. What is the remainder when f(9) is divided by 2 + (6 - -2)/1?
9
Let m = -76 - -126. Calculate the remainder when m is divided by (20/12 - -4)*3.
16
Let a = 105 + -88. What is the remainder when a is divided by 8?
1
Let t(b) = -6*b**3 - 4*b**2 - 3*b - 2. Let y = -9 + 7. Calculate the remainder when t(y) is divided by 13.
10
Suppose 0 = -4*g - 2*k + 104, -104 = -4*g - 8*k + 4*k. What is the remainder when g is divided by 7?
5
Let p = 18 - 6. Let g = -2 + p. Let m = -36 - -54. What is the remainder when m is divided by g?
8
Let p(m) = m**3 + 7*m**2 + 7*m + 1. Let i be p(-6). Let k(n) = -2 + 6*n**2 + 4 - 2*n - n**2 + n**3. Calculate the remainder when 22 is divided by k(i).
10
Let g = -1 - -6. Suppose 4*m - 3 = g. What is the remainder when 3 is divided by m?
1
Let m be (-1)/((-1)/(-12)) - -2. Let s(d) = -d**2 - 12*d - 2. Calculate the remainder when s(m) is divided by 10.
8
Suppose -a = -6*a + 20, -g - a + 59 = 0. Let j be -43 + (-4)/((-16)/12). Let d = -12 - j. What is the remainder when g is divided by d?
27
Let i(v) = 26*v**3 - 2*v**2 + 2*v - 1. Suppose 0 = -5*x, 4*x + 0*x + 36 = 4*b. Calculate the remainder when i(1) is divided by b.
7
Suppose -4*r + 2*g - 8 = r, -5*r - 4*g = 14. Let l(i) = -6*i + 4. What is the remainder when 29 is divided by l(r)?
13
Let r(w) = -w**3 + 4*w**2 - 6*w + 5. Let g be r(4). Let h = -9 - g. What is the remainder when 18 is divided by h?
8
Let z be 7/((-140)/(-8))*5. Calculate the remainder when (1 + (-1)/z)*92 is divided by 24.
22
Suppose 13 - 57 = -4*a. Let q(p) = 5*p**2 + 2*p - 1. Let l(o) = -o**2 - 2*o + 4. Let r be l(-3). What is the remainder when a is divided by q(r)?
5
Let d = 20 - 14. Suppose 0 = 3*q - d. Suppose -z + q = 0, -89 = -5*p - 2*z - 0*z. Calculate the remainder when p is divided by 9.
8
Let c = 42 - 12. Calculate the remainder when 97 is divided by c.
7
Suppose 2*d - 3*y = -11 - 34, 2*d - 4*y = -48. What is the remainder when 43 is divided by (-130)/(-6) + (-6)/d?
21
Suppose 6*w - 11 = 31. Calculate the remainder when 12 is divided by w.
5
Let s be ((-4)/(-5))/((-2)/(-80)). Suppose s = 2*m - 0. Let u = -16 - -47. What is the remainder when u is divided by m?
15
Let p = 17 - 10. Let c = 8 - 6. Suppose c*i = 4*f + i - 14, 0 = 3*f - 2*i - 13. What is the remainder when p is divided by f?
1
Let u(r) = -12*r**3 + 4*r**2 + 5*r. Calculate the remainder when u(-2) is divided by 28.
18
Let b = -5 + 7. Suppose 0 = 2*r - o - 26, b*r + 6 = 4*r + 4*o. Calculate the remainder when 32 is divided by r.
10
Let k(r) = -2*r + 3. Let z be k(-3). Let i = -6 + z. Calculate the remainder when 61 is divided by 22 - (6/i - 1).
19
Let a = -31 - -82. Suppose -5*u = 3*f - 232, -6*f - a = -u - 2*f. What is the remainder when u is divided by 16?
15
Suppose 2*z = 4*z - 58. Calculate the remainder when 86 is divided by z.
28
Suppose -3*r + 0*r = -5*i + 48, -4*i + 2*r = -40. Let o = i - -10. Calculate the remainder when o is divided by 8.
6
Let t(x) = -x**3 + 11*x**2 + 15*x - 4. What is the remainder when t(12) is divided by 11?
10
Let y = 4 - -4. Calculate the remainder when 22 is divided by y.
6
Suppose 0 = 2*x - 4*x, 0 = -3*v - 4*x + 33. What is the remainder when 17 is divided by v?
6
Suppose 82 = 3*y - 0*q - 4*q, 0 = 3*y - 3*q - 87. Let r = 47 - y. Calculate the remainder when 37 is divided by r.
11
Suppose 130 + 57 = 3*h + 2*t, 2*t = 5*h - 317. What is the remainder when h is divided by 23?
17
Let a be 9*-1*-7 - -3. Suppose -5*s = -3*j - a, 0*s - 5*s = 3*j - 54. Suppose -3*m = -136 + 31. What is the remainder when m is divided by s?
11
Suppose 5*b - 6*b + 5 = 0. Calculate the remainder when 12 is divided by b.
2
Suppose -2*q + 4*q - 6 = 0. Suppose 3*j = -q*k + 27, -k - 4*j + 19 = -2. Let h = 19 - k. What is the remainder when h is divided by 8?
6
Suppose -23*a = -29*a + 966. Calculate the remainder when a is divided by 27.
26
Let b(s) = s**3 + 6*s**2 + 3*s + 6. Let h be b(-6). What is the remainder when 3 is divided by 1 - 2 - h/6?
0
Let d(u) = u**2 + 9*u + 8. Let b be d(-8). Suppose b = -2*m + 7*m - 95. What is the remainder when m is divided by 5?
4
Let h = 2 - 3. Let q be h/(12/(-9) + 1). Suppose -2*u + 16 = -q*o + 3*u, 0 = 2*o - 5*u + 19. Calculate the remainder when 7 is divided by o.
1
Let r(m) = 6*m**2 - m - 1. Suppose -59*x + 20 = -57*x. What is the remainder when x is divided by r(-1)?
4
Suppose -3*s = -3*u - 75, 3*s = -0*s + 2*u + 77. What is the remainder when 107 is divided by s?
26
Let y(m) = -m**3 + 4*m**2 - 2*m - 3. Let o = 0 + 3. Let z be y(o). What is the remainder when 35 is divided by 0 - (z/(-2) + -12)?
11
Suppose 0 = 2*c - 3*y - 42, -c + 6 = -3*y - 9. What is the remainder when c is divided by 15 - (2 - 3 - -1)?
12
Suppose 5*n - 27 - 3 = 5*l, 0 = -5*n - 2*l + 2. What is the remainder when n/(20/(-174))*-5 is divided by 30?
27
Suppose 0 = x - 2*w - 11, 1 - 6 = -x + 4*w. What is the remainder when 48 is divided by x?
14
Suppose 5*k - 430 = 5*a, 5*a + 15 = 2*a. Suppose 4*z = 2*z + 42. Calculate the remainder when k is divided by z.
18
Suppose -3*t + 76 + 83 = 0. What is the remainder when 316 is divided by t?
51
Let c(n) = n - 1. Let f be c(4). Suppose 2*r + 98 = 6*r + 2*z, -f*r - 4*z + 61 = 0. Calculate the remainder when 38 is divided by (-238)/(-18) - 6/r.
12
Let s(q) = 55*q - 1. Let j be s(5). Suppose a = -u - a + 50, 5*u - 2*a = j. What is the remainder when u is divided by 14?
12
Let z = -26 - -36. What is the remainder when z is divided by 6?
4
Suppose -50 - 140 = -5*h. What is the remainder when h is divided by (0 + -1)/((-2)/20)?
8
Suppose -7*b - 3*q = -3*b + 2, -2*b = -4*q + 12. Let n be (-2 - -3)/(b/4). What is the remainder when 2 is divided by (0 - -4)/(n/(-1))?
0
Suppose w + 23 = j - 36, 295 = -5*w + 4*j. Let n = w - -84. What is the remainder when n is divided by 13?
12
Suppose 0 = -2*y + 6*y - 12. Calculate the remainder when 1/y - 292/(-6) is divided by 13.
10
Suppose 0 = -3*q - 2*f - f - 21, 2*f = -3*q - 26. Let u = -4 - q. Calculate the remainder when 15 is divided by u.
7
Let m(q) = -8*q - 4. Suppose 0 = 2*k - 3 - 3. Calculate the remainder when m(-1) is divided by k.
1
Let v(a) = -2*a**2 + 4*a - 3. Let o be v(3). Suppose -3*i + y + 4*y = -10, -2*i - 3*y + 32 = 0. Calculate the remainder when (-3)/o + 172/6 is divided by i.
9
Suppose -2*x + 141 = x. Calculate the remainder when x is 